{"id":464,"date":"2022-10-30T12:24:49","date_gmt":"2022-10-30T11:24:49","guid":{"rendered":"http:\/\/mc5.fr\/about\/"},"modified":"2026-01-26T17:48:54","modified_gmt":"2026-01-26T16:48:54","slug":"about","status":"publish","type":"page","link":"https:\/\/www.mc5.fr\/?page_id=464","title":{"rendered":"About"},"content":{"rendered":"\t\t<div data-elementor-type=\"wp-page\" data-elementor-id=\"464\" class=\"elementor elementor-464\">\n\t\t\t\t\t\t\t\t\t<section class=\"elementor-section elementor-top-section elementor-element elementor-element-31050e63 elementor-section-height-min-height elementor-section-boxed elementor-section-height-default elementor-section-items-middle\" data-id=\"31050e63\" data-element_type=\"section\" data-settings=\"{&quot;background_background&quot;:&quot;classic&quot;,&quot;shape_divider_bottom&quot;:&quot;waves&quot;}\">\n\t\t\t\t\t\t\t<div class=\"elementor-background-overlay\"><\/div>\n\t\t\t\t\t\t<div class=\"elementor-shape elementor-shape-bottom\" data-negative=\"false\">\n\t\t\t<svg xmlns=\"http:\/\/www.w3.org\/2000\/svg\" viewBox=\"0 0 1000 100\" preserveAspectRatio=\"none\">\n\t<path class=\"elementor-shape-fill\" d=\"M421.9,6.5c22.6-2.5,51.5,0.4,75.5,5.3c23.6,4.9,70.9,23.5,100.5,35.7c75.8,32.2,133.7,44.5,192.6,49.7\n\tc23.6,2.1,48.7,3.5,103.4-2.5c54.7-6,106.2-25.6,106.2-25.6V0H0v30.3c0,0,72,32.6,158.4,30.5c39.2-0.7,92.8-6.7,134-22.4\n\tc21.2-8.1,52.2-18.2,79.7-24.2C399.3,7.9,411.6,7.5,421.9,6.5z\"\/>\n<\/svg>\t\t<\/div>\n\t\t\t\t\t<div class=\"elementor-container elementor-column-gap-default\">\n\t\t\t\t\t<div class=\"elementor-column elementor-col-100 elementor-top-column elementor-element elementor-element-2db25210\" data-id=\"2db25210\" data-element_type=\"column\">\n\t\t\t<div class=\"elementor-widget-wrap elementor-element-populated\">\n\t\t\t\t\t\t\t\t<div class=\"elementor-element elementor-element-1bd8d753 elementor-widget elementor-widget-heading\" data-id=\"1bd8d753\" data-element_type=\"widget\" data-widget_type=\"heading.default\">\n\t\t\t\t<div class=\"elementor-widget-container\">\n\t\t\t<style>\/*! elementor - v3.14.0 - 18-06-2023 *\/\n.elementor-heading-title{padding:0;margin:0;line-height:1}.elementor-widget-heading .elementor-heading-title[class*=elementor-size-]>a{color:inherit;font-size:inherit;line-height:inherit}.elementor-widget-heading .elementor-heading-title.elementor-size-small{font-size:15px}.elementor-widget-heading .elementor-heading-title.elementor-size-medium{font-size:19px}.elementor-widget-heading .elementor-heading-title.elementor-size-large{font-size:29px}.elementor-widget-heading .elementor-heading-title.elementor-size-xl{font-size:39px}.elementor-widget-heading .elementor-heading-title.elementor-size-xxl{font-size:59px}<\/style><h1 class=\"elementor-heading-title elementor-size-default\"><h1 style=\"font-family: Montserrat, sans-serif; color: rgb(252, 230, 41); text-transform: none; white-space: normal;\"><span style=\"font-weight: 700;\">Qui sommes-nous<\/span><\/h1><\/h1>\t\t<\/div>\n\t\t\t\t<\/div>\n\t\t\t\t\t<\/div>\n\t\t<\/div>\n\t\t\t\t\t\t\t<\/div>\n\t\t<\/section>\n\t\t\t\t<section class=\"elementor-section elementor-top-section elementor-element elementor-element-60bad47e elementor-section-boxed elementor-section-height-default elementor-section-height-default\" data-id=\"60bad47e\" data-element_type=\"section\">\n\t\t\t\t\t\t<div class=\"elementor-container elementor-column-gap-default\">\n\t\t\t\t\t<div class=\"elementor-column elementor-col-100 elementor-top-column elementor-element elementor-element-39072354\" data-id=\"39072354\" data-element_type=\"column\">\n\t\t\t<div class=\"elementor-widget-wrap elementor-element-populated\">\n\t\t\t\t\t\t\t\t<div class=\"elementor-element elementor-element-21fe02ad elementor-widget elementor-widget-menu-anchor\" data-id=\"21fe02ad\" data-element_type=\"widget\" data-widget_type=\"menu-anchor.default\">\n\t\t\t\t<div class=\"elementor-widget-container\">\n\t\t\t<style>\/*! elementor - v3.14.0 - 18-06-2023 *\/\nbody.elementor-page .elementor-widget-menu-anchor{margin-bottom:0}<\/style>\t\t<div id=\"team\" class=\"elementor-menu-anchor\"><\/div>\n\t\t\t\t<\/div>\n\t\t\t\t<\/div>\n\t\t\t\t\t<\/div>\n\t\t<\/div>\n\t\t\t\t\t\t\t<\/div>\n\t\t<\/section>\n\t\t\t\t<section class=\"elementor-section elementor-top-section elementor-element elementor-element-e5d2fce elementor-section-boxed elementor-section-height-default elementor-section-height-default\" data-id=\"e5d2fce\" data-element_type=\"section\" data-settings=\"{&quot;background_background&quot;:&quot;classic&quot;,&quot;background_motion_fx_motion_fx_scrolling&quot;:&quot;yes&quot;,&quot;background_motion_fx_translateY_effect&quot;:&quot;yes&quot;,&quot;background_motion_fx_translateY_direction&quot;:&quot;negative&quot;,&quot;background_motion_fx_translateY_speed&quot;:{&quot;unit&quot;:&quot;px&quot;,&quot;size&quot;:4.2,&quot;sizes&quot;:[]},&quot;background_motion_fx_translateY_affectedRange&quot;:{&quot;unit&quot;:&quot;%&quot;,&quot;size&quot;:&quot;&quot;,&quot;sizes&quot;:{&quot;start&quot;:0,&quot;end&quot;:100}},&quot;background_motion_fx_devices&quot;:[&quot;desktop&quot;,&quot;tablet&quot;,&quot;mobile&quot;]}\">\n\t\t\t\t\t\t\t<div class=\"elementor-background-overlay\"><\/div>\n\t\t\t\t\t\t\t<div class=\"elementor-container elementor-column-gap-default\">\n\t\t\t\t\t<div class=\"elementor-column elementor-col-100 elementor-top-column elementor-element elementor-element-fd3f224\" data-id=\"fd3f224\" data-element_type=\"column\">\n\t\t\t<div class=\"elementor-widget-wrap elementor-element-populated\">\n\t\t\t\t\t\t\t\t<div class=\"elementor-element elementor-element-45e7d3a elementor-widget elementor-widget-text-editor\" data-id=\"45e7d3a\" data-element_type=\"widget\" data-widget_type=\"text-editor.default\">\n\t\t\t\t<div class=\"elementor-widget-container\">\n\t\t\t<style>\/*! elementor - v3.14.0 - 18-06-2023 *\/\n.elementor-widget-text-editor.elementor-drop-cap-view-stacked .elementor-drop-cap{background-color:#69727d;color:#fff}.elementor-widget-text-editor.elementor-drop-cap-view-framed .elementor-drop-cap{color:#69727d;border:3px solid;background-color:transparent}.elementor-widget-text-editor:not(.elementor-drop-cap-view-default) .elementor-drop-cap{margin-top:8px}.elementor-widget-text-editor:not(.elementor-drop-cap-view-default) .elementor-drop-cap-letter{width:1em;height:1em}.elementor-widget-text-editor .elementor-drop-cap{float:left;text-align:center;line-height:1;font-size:50px}.elementor-widget-text-editor .elementor-drop-cap-letter{display:inline-block}<\/style>\t\t\t\t<p><strong><b>CR\u00c9ATION<\/b> <\/strong><strong>:&nbsp;2006<\/strong><\/p>\n<p><strong><b>EXP\u00c9RIENCE<\/b> <\/strong><strong>:&nbsp;20 ANS<\/strong><\/p>\n<p><strong><b>RAYONNEMENT<\/b> <\/strong><strong>:&nbsp;INTERNATIONAL<\/strong><\/p>\n<p><strong><b>FONCTIONS<\/b> <\/strong><strong>:&nbsp;TOURNEUR \u00b7 PROMOTEUR &#8211; PRODUCTEUR EX\u00c9CUTIF &nbsp;&nbsp;&nbsp;&nbsp;&nbsp;&nbsp;&nbsp;&nbsp;&nbsp;&nbsp;&nbsp;&nbsp;&#8211;&nbsp;ORGANISATEUR DE FESTIVALS &#8211;&nbsp;CONSEIL ARTISTIQUE<\/strong><\/p>\n<p><b>MC*5 produit repr\u00e9sente et accompagne des artistes musicaux nationaux et internationaux issus de tous les horizons. Son activit\u00e9 repose sur le rep\u00e9rage de nouveaux talents, leur d\u00e9veloppement, ainsi que la production et la promotion d\u2019artistes confirm\u00e9s dans des salles allant de 200 \u00e0 20 000 places.<\/b><\/p>\n<p><strong><u>En 20 ans, MC*5 a organis\u00e9 :<\/u><\/strong><\/p>\n<ul>\n<li><b>3 500 concerts<\/b> sur les cinq continents.<\/li>\n<\/ul>\n<ul>\n<li>Des F<b>estival Majeurs en France comme le Rock The Bells en 2008 au Zenith de Paris et Check The Rhyme \u00e0 Nice <\/b>(06) entre 2014 et 2018.<\/li>\n<\/ul>\n<p><strong><br><\/strong><\/p>\n<p><strong><u>Propositions des shows in\u00e9dits pour les Festivals<\/u><\/strong><\/p>\n<ul>\n<li><b>Chuck D X Archie Shepp <\/b>(Sons d\u2019Hivers 2009)<\/li>\n<\/ul>\n<ul>\n<li><b>MF Doom X Robert Glasper Experiment <\/b>(Montreux 2011)<\/li>\n<\/ul>\n<ul>\n<li><b>Yasiin Bey X Roy Hargrove<\/b> (Jazz \u00e0 Viennes 2015)<\/li>\n<\/ul>\n<ul>\n<li><b>Yasiin Bey X Hypnotic Brass Ensemble<\/b> (Jazz \u00e0 La Villette 2019 \/ Nancy Jazz Festival 2024)<\/li>\n<\/ul>\n<ul>\n<li><b>BeyOnDoom<\/b> &#8211; Tourn\u00e9e Hommage \u00e0 MF Doom par Yasiin Bey (Europe &#8211; Australie 2024)<\/li>\n<\/ul>\n<ul>\n<li><b>De La Soul X Black Star <\/b>( Midem 2024 \/ Nuits de Fourvi\u00e8res 2025)<\/li>\n<\/ul>\n<p><strong><br><\/strong><\/p>\n<p><u>Ils nous ont fait confiance&nbsp;: <\/u><\/p>\n<p><i>1.9.9.5, Afrika Bambara, AG, Ali Shaheed Muhammad, Alkapote, Angie Stone, Archie Shepp, Armand Hammer,&nbsp; Asher Roth, Assassin, Bahamadia, The Beatnuts, Bizz Markie, Blimey, B-real, Brian Auger Oblivion Express, Caballero &amp; Jeanjass, Cannibal Ox, Charle X, Cheick Titdian Seick, The Clipse, Cody ChesnuTT, Common, D&rsquo;angelo, Death, Dilated people, Disable Planet, Disiz La peste,DJ Muggs, DJ Premier, Dj Roc Raida, Dj Scratch, Emancipator, EPMD, Flatbush Zombies, Flying Anakin, Georgia Ann Muldrow, Ghostface Killah, Giraffage, Gong, Grand Wizard Theodor, Guizmo, Guru Jazzmatazz, Hannah Faith, I AM, Iamddb, Ice Cube, Jeru tha Damaja, Jay Electronica, Jazzy Bazz, Jean Grae, Joey Badass, Joey Le Soldat, Jonwayne, Kakkmadafakka, Kalash, Kalash Criminel, Karl Hector &amp; The Malcouns, Karriem Riggins, Kid Ink, KRS One, Kurtis Blow, Lalah &amp;ce, Large Professor, Lean Chihiro, Lil Wayne, Little Simz, Lonnie Liston Smith, Lord of The underground, M.O.P, Magma, Melle Mel, Method Man, MF DOOM, Mobs Deep, Mulatu Astake, M.Z, Naughty by nature, Niska, Nipsey Husste, Odissee, Paris, PASSI, Pete Rock, The Pharcyde, Phife Dawg, Prince Waly, Psycho Realm, Public Enemy, Pusha T, Raekwon, Redman, Rick Ross, Robert Glasper Experiment, The Rza, Schoolboy Q, Shuggie Otis, Slick Rick, Slum Village, Snoop Dogg, Soft Machine Legacy, Sudan Archives, Sugarhill Gang, Sun Ra Arkestra, Tech Nine, Tengo John, Tha Dogg Pound, Theophilius London, Too $hort, Tori Lanez,Travis Scott, The Underachievers, Vald, Whitefield Brothers, Wu Tang Clan, The X-cutioners, Xzibit, YG, Zapp, Slow Magic.<\/i><\/p>\t\t\t\t\t\t<\/div>\n\t\t\t\t<\/div>\n\t\t\t\t\t<\/div>\n\t\t<\/div>\n\t\t\t\t\t\t\t<\/div>\n\t\t<\/section>\n\t\t\t\t\t\t\t<\/div>\n\t\t","protected":false},"excerpt":{"rendered":"<p>Qui sommes-nous CR\u00c9ATION :&nbsp;2006 EXP\u00c9RIENCE :&nbsp;20 ANS RAYONNEMENT :&nbsp;INTERNATIONAL FONCTIONS :&nbsp;TOURNEUR \u00b7 PROMOTEUR &#8211; PRODUCTEUR EX\u00c9CUTIF &nbsp;&nbsp;&nbsp;&nbsp;&nbsp;&nbsp;&nbsp;&nbsp;&nbsp;&nbsp;&nbsp;&nbsp;&#8211;&nbsp;ORGANISATEUR DE FESTIVALS &#8211;&nbsp;CONSEIL ARTISTIQUE MC*5 produit repr\u00e9sente et accompagne des artistes musicaux nationaux et internationaux issus de tous les horizons. Son activit\u00e9 repose sur le rep\u00e9rage de nouveaux talents, leur d\u00e9veloppement, ainsi que la production et la promotion [&hellip;]<\/p>\n","protected":false},"author":1,"featured_media":0,"parent":0,"menu_order":0,"comment_status":"closed","ping_status":"closed","template":"elementor_header_footer","meta":{"footnotes":""},"class_list":["post-464","page","type-page","status-publish","hentry"],"_links":{"self":[{"href":"https:\/\/www.mc5.fr\/index.php?rest_route=\/wp\/v2\/pages\/464","targetHints":{"allow":["GET"]}}],"collection":[{"href":"https:\/\/www.mc5.fr\/index.php?rest_route=\/wp\/v2\/pages"}],"about":[{"href":"https:\/\/www.mc5.fr\/index.php?rest_route=\/wp\/v2\/types\/page"}],"author":[{"embeddable":true,"href":"https:\/\/www.mc5.fr\/index.php?rest_route=\/wp\/v2\/users\/1"}],"replies":[{"embeddable":true,"href":"https:\/\/www.mc5.fr\/index.php?rest_route=%2Fwp%2Fv2%2Fcomments&post=464"}],"version-history":[{"count":42,"href":"https:\/\/www.mc5.fr\/index.php?rest_route=\/wp\/v2\/pages\/464\/revisions"}],"predecessor-version":[{"id":4358,"href":"https:\/\/www.mc5.fr\/index.php?rest_route=\/wp\/v2\/pages\/464\/revisions\/4358"}],"wp:attachment":[{"href":"https:\/\/www.mc5.fr\/index.php?rest_route=%2Fwp%2Fv2%2Fmedia&parent=464"}],"curies":[{"name":"wp","href":"https:\/\/api.w.org\/{rel}","templated":true}]}}